 - -106) + 33 + -122
-54
What is the value of -24 - -23 - ((-59 - -63) + (2 - 28))?
21
What is the value of 50 - (30 - (-29 - -14 - -24))?
29
What is the value of -5 + -6 - (-190 - -144)?
35
(136 - 62) + 12 + -38
48
Calculate -31 + (7 - (-12 - 0)) - (5 + (5 - 65)).
43
Evaluate -7 + 2 + 16 + (-27 - -36) + -80.
-60
What is the value of 7 + 0 - ((-29 - -4) + -4) - (-7 - -6)?
37
Evaluate -94 + 12 + -21 + -1 + 8 + 0 + -3.
-99
What is the value of 192 + -106 + 9 + -109?
-14
Evaluate (68 - -104) + -25 - (12 - 1) - (0 - -6).
130
What is -4 + 35 + -20 + -35 - (-1 - -6)?
-29
-47 + 21 - (199 - 166)
-59
What is 17 - 89 - -55 - (0 - 19) - (-1 + 71)?
-68
What is the value of 5 + -23 + 10 + 45 + -16?
21
What is the value of -31 - (2 - (-23 - (14 + -57)))?
-13
What is (-18 + -66 - -130) + (-56 - 3)?
-13
Calculate (8 - (16 - 8 - 6)) + (-50 - -111).
67
Calculate (-8 - (24 - -32)) + -3.
-67
Calculate (1 - (2 - 3)) + -45 + 69 + -12.
14
(-99 - (45 + -129)) + 8 + 0
-7
Evaluate -306 - -358 - (-2 - (2 + -10)) - 16.
30
What is 50 + -16 + -30 - 10 - 19?
-25
What is the value of -16 - (-20 + -24 + 3) - 43?
-18
Calculate 26 + -16 + (5 - 3) + 0 - 66.
-54
Evaluate (-19 - -18) + (33 - -9) + -19.
22
What is the value of 4 + (-232 + 225 - (0 + 40))?
-43
Evaluate (-8 - -8) + 24 + (0 - (-10 + 11)).
23
What is the value of -141 + -18 + 82 - -7?
-70
Evaluate -28 + 30 + 83 + -71.
14
Calculate -15 + (39 - 41) + 23 - 5.
1
What is (1 - 3 - 24) + (-23 + -153 - -162)?
-40
Calculate (30 - 41 - -14) + -10.
-7
What is the value of -47 + -41 + 110 - 78?
-56
Evaluate -1 + 37 + (-216 - -214) - 17.
17
What is the value of 51 - 12 - (4 + -2 + -2)?
39
Calculate -1 + (-12 - -11) - ((0 - 7) + -61 + -3).
69
-15 + -6 - (-1 + -4 + 8 - 10)
-14
Calculate 1 + (-5 + 4 - 14 - (-67 - -168)).
-115
52 + -2 + -11 + 15 + 0 + -4
50
27 - (-26 + 3 + (-207 - -161))
96
Calculate (0 + (73 - 40) - 55) + 30.
8
What is -65 - 11 - (-103 - -36)?
-9
107 - ((2 - -21) + (-150 - -156))
78
Calculate (37 - -9) + 11 + 16 + 4.
77
What is (-4 - -4) + 46 + -99?
-53
Evaluate (-3 + 23 - 1) + (-1057 - -1039) + 85.
86
39 + -28 + 18 + 10 + -7
32
(-58 - (78 + -39)) + 56
-41
Calculate -236 - -190 - (-8 - (12 - 5)).
-31
Calculate 290 + -348 + (0 - -5 - (6 - (3 + 2))).
-54
Calculate (-26 - -1) + 23 + (-5 + 8 - 25).
-24
What is -105 + 85 - (41 - -2)?
-63
Calculate -121 + 151 + (6 - 0).
36
-78 + -13 + -179 + 159 + 1 + 18
-92
(39 + -40 - (10 + -93)) + -3
79
Evaluate (-42 - -35) + 16 + -30.
-21
Calculate (18 - (-101 + -15)) + 8 + (4 - 21).
125
What is 59 + (-8 - -19) - 12?
58
What is 1506 - 1397 - (-1 + 65)?
45
Evaluate (-1 - -1 - -16) + 254 + -366 + 177.
81
Evaluate 63 - (-67 + (-40 - -35)).
135
29 - (-74 + 106 + 54)
-57
-1 - -9 - ((1 - 19) + 7 + -10 + 26)
3
What is the value of -14 + -19 + (36 - (-8 + -12))?
23
7 + 2 + (1 - (7 - 0)) - (-24 - -32)
-5
Evaluate 0 + -1 - (-109 - -104) - (-2 + 7 + 2).
-3
(-2 - 11) + -71 + 82 + -43 + 2
-43
What is -47 + (-81 - 63 - -56)?
-135
Calculate -8 + (86 + -3 - 32) + (-16 - 1).
26
Calculate (-29 - (-61 + 14)) + -5 + (25 - -2).
40
What is -85 + -4 + 13 + (9 + 0 + -12 - -10)?
-69
-9 + (5 - (-18 + 18)) + 1 + -8
-11
What is the value of 3 + 37 + -25 - (-11 - (2 - 1))?
27
What is the value of 19 + (-32 - ((12 - 10) + -11)) + -1?
-5
What is the value of -91 - 1 - (-10 + 10) - (807 + -815)?
-84
Calculate -38 + 0 + 1528 + -1512 - (-1 + 9).
-30
What is the value of 12 + (1 - -34) + -32?
15
What is the value of 2 + -5 + 2 + (33 - 99) + 33?
-34
Evaluate (-9 + 3 + -2 - (-70 - (19 + -83))) + 87.
85
(35 - 14) + (-35 - -52)
38
What is -52 + -17 + 24 + 99?
54
Evaluate -43 + (53 - 25) - ((0 - -1 - 2) + 25).
-39
What is the value of (-3 - 0) + -45 + (147 + -64 - 101)?
-66
Evaluate (36 - (-8 - (10 + -5) - -19)) + -14.
16
What is (40 - (15 + -40 + 23)) + 19?
61
Calculate (12 - (7 - 2)) + 2 + -3.
6
Evaluate 2 - 70 - (-1058 + 999).
-9
Calculate (-95 - 48) + 76 + 128.
61
What is 9 - ((15 - (10 - 10)) + -27) - 31?
-10
What is the value of 4 - (38 - -4) - (-67 + 34 - -47)?
-52
What is the value of (4 - 2) + -43 + 52 + 0 + (-5 - 103)?
-97
Evaluate -74 + (-117 - (-186 - 116)).
111
What is 74 + (63 - 43) + -69?
25
Evaluate -45 + (-4 - -47) + 3.
1
What is the value of -1697 + 1625 + (14 - 0)?
-58
What is (-13 - -3) + -8 + (-7 - (-34 + 11)) + 6?
4
What is (0 - (-20 - (2 + 0 + 2 + -13))) + 49?
60
Evaluate -10 - (-1 + -11 - (60 - (45 - 22))).
39
Calculate (140 - 87) + -4 + -109.
-60
Evaluate -8 - (-14 - (-7 + 12 + -42)).
-31
Evaluate 2 - -63 - (5 - (-4 + -1 + (15 - 10))).
60
What is the value of (14 - 20) + 33 - 6 - (-14 - -2)?
33
Calculate -18 - -13 - (-41 + 10).
26
What is the value of 1 + 85 + 2 - (59 - (109 - 58))?
80
Calculate -3 + -6 + 6 - (-45 - (-16 + 8)).
34
What is the value of 8 - (10 + -3 - (-64 + 61))?
-2
Calculate 11 + 3 + (-11 + -61 - -19) + (5 - 4).
-38
What is the value of 6 + 4 + (18 - -25) + -13?
40
What is (17 + 2 - (318 + -282)) + -9?
-26
What is 0 + (22 - -2) - (-5 - 3 - (121 + -133))?
20
284 + -237 + (-3 - 36)
8
What is the value of -18 - ((-24 - -66) + (9 - (-5 + 5)))?
-69
What is the value of -3 - (148 - (33 - -47))?
-71
-71 - (-10 - (16 + 15 + -14))
-44
Evaluate 24 - (22 + -68 + 75).
-5
What is 30 + -41 + -71 + 42 + -25?
-65
What is (13 - -10 - 10) + -24 - (-4 + 3)?
-10
-73 + 47 - -7 - -22
3
Calculate -1 + 22 + (32 - 19) + -52.
-18
What is the value of 25 + (-28 - (26 + -24 + -74))?
69
-22 + 58 + -45 + -25
-34
What is 0 - 8 - -7 - (4 + 49 + -17 + 10)?
-47
Calculate 114 - ((-109 - -5) + 189).
29
Calculate 41 - (5 - 10 - -31).
15
What is the value of -14 + 13 + 3 + (-51 - (4 - 2 - 6))?
-45
(-15 + 5 - -2) + (12 - 56 - 3 - 14)
-69
What is -37 - (-3 + 4 + -12 + -11 + 18 + 2)?
-35
Evaluate -16 - (-43 - (-31 + 12)) - (-47 - 1).
56
What is -122 - 2 - ((19 - -31) + -32 - 34)?
-108
(2050 - 1950) + -1 + (0 - 1) + -2 + 10
106
Evaluate -30 - (-53 - (-91 - -53)).
-15
Evaluate 11 + (-35 - -12) + 1 + 37.
26
-121 - (-85 + 52) - -87
-1
17 + -16 - 8 - 3
-10
Evaluate -78 + (10 - 8) + 17 + -6 + 1.
-64
Calculate (-125 - -98 - -162) + -149.
-14
What is (150 - 37) + (16 - (9 + 7 + -5))?
118
4 + (-10 - (-1 - 12 - -5)) + 5 + 7
14
Calculate 17 + 1 + 3519 + -3556.
-19
Evaluate -19 + (25 - 34) + 27.
-1
Calculate 22 + -54 + (4 - 2 - -3 - -7).
-20
45 + (-29 - 1) + (-97 - (-10 - -12))
-84
What is the value of 35 + -34 + 47 - 15 - 41?
-8
-10 - (-97 - 15 - (-1 - (-9 - (4 + -5))))
109
98 + (-67 - -43 - 2)
72
What is the value of -3 + -3 + -34 - (-317 + 275)?
2
112 + -56 + 26 + -31
51
Calculate 551 + -22 - 420 - (-4 + 0).
113
Evaluate (-134 - -91 - -28) + 61.
46
What is the value of 44 + -36 + -20 + 16 + 0?
4
Evaluate 244 + -206 + -1 + 3 + -28.
12
Calculate 1 + -3 + 2 + 15 + -230 + 28 + 126.
-61
Evaluate 84 + 2 - (-443 + 459) - 14.
56
Calculate 0 - (-1 - -12) - (-58 + -18 + 72) - 61.
-68
Evaluate 66 + (-113 - -54) - (-2 + 119) - (-1 - 1).
-108
0 + -17 + -6 + -28 + 50 + -10 + 15
4
What is the value of (-49 - -77) + -19 - (24 - (2 + 2))?
-11
Evaluate ((-10 - -16 - -24) + -10 - 11) + 12.
21
What is -3 - (-38 + (2 - 1)) - (-3885 + 3908)?
11
Calculate (1720 + -1711 - (-1 - (-16 + 2))) + 66.
62
Calculate 51 + -3 + 32 - 51.
29
What is (-12 - (-8 - (6 + -3)) - 5) + 32?
26
Calculate 75 - 0 - (12 - (-8 + 30 - 4)) - -5.
86
What is 1 + (-28 - 2) + -16 + 9 + 1 + 8?
-27
(14 - (33 + -58)) + 23
62
Evaluate -153 - 13 - (-1089 + 961).
-38
(-3465 - -3413) + (-1 - -9)
-44
Calculate 31 + 2 + -93 + -12 + 31.
-41
What is (110 - 147) + (8 + -3 - (-7 - (-19 - 0)))?
-44
What is the value of -84 + (104 - 96) + (16 - 6)?
-66
What is the value of 31 - (-20 + 28 + -8 + (4 - -5))?
22
What is the value of -9 - (-11 + (-12 - -18) + 83)?
-87
Evaluate -14 + 28 + 13 - (-42 - -51).
18
Evaluate -97 - (134 - (83 + 62)).
-86
16 + (28 + 1 - (418 + -363))
-10
Calculate (-2 - -4) + 4 + 11 - (-13 + 23 + 0).
7
0 + 1 + (-24 - -21) + -24 + 2 + 0
-24
Calculate (0 - -7) + (8 - (36 + -9)) + -30.
-42
Evaluate (-272 - -224) + (92 - -2).
46
(6 - (15 + -15) - 8) + (0 - -1)
-1
-18 + 25 + 0 + 1 + -1 + (-6 - -8)
9
Evaluate (-12 - (-10 + -1 - (15 - 9))) + 69.
74
Evaluate -16 + 6 - (-9 + -48 + 1).
46
Evaluate (3 - 3 - -15) + (36 - (-28 - -75)) + -61.
-57
What is -1920 + 1951 - (19 - (0 - -3))?
15
What is (-48 - -4) + (11 - 43 - -32)?
-44
What is the value of (15 - 1) + -5838 + 5907?
83
What is the va